{"id":506,"date":"2023-11-19T14:21:56","date_gmt":"2023-11-19T13:21:56","guid":{"rendered":"https:\/\/jean-marcprevot.fr\/?page_id=506"},"modified":"2023-11-19T19:14:49","modified_gmt":"2023-11-19T18:14:49","slug":"place-darmes","status":"publish","type":"page","link":"https:\/\/jean-marcprevot.fr\/?page_id=506","title":{"rendered":"Avec les artilleurs parachutistes"},"content":{"rendered":"\n<div class=\"wp-container-1 wp-block-group\"><div class=\"wp-block-group__inner-container\">\n<p class=\"has-text-align-center\"><strong>Exercice r\u00e9gimentaire \u00e0 Canjuers &#8211; 35\u00e8me R\u00e9giment d&#8217;Artillerie Parachutiste<\/strong> <\/p>\n\n\n\n<p class=\"has-text-align-center\"><strong>Tirs Caesar et mortiers de 120mm<\/strong><\/p>\n<\/div><\/div>\n\n\n<div class=\"wp-block-image\">\n<figure class=\"aligncenter size-large\"><img loading=\"lazy\" width=\"1024\" height=\"747\" src=\"https:\/\/jean-marcprevot.fr\/wp-content\/uploads\/2023\/11\/20230530_095228-1024x747.jpg\" alt=\"\" class=\"wp-image-512\" srcset=\"https:\/\/jean-marcprevot.fr\/wp-content\/uploads\/2023\/11\/20230530_095228-1024x747.jpg 1024w, https:\/\/jean-marcprevot.fr\/wp-content\/uploads\/2023\/11\/20230530_095228-300x219.jpg 300w, https:\/\/jean-marcprevot.fr\/wp-content\/uploads\/2023\/11\/20230530_095228-768x560.jpg 768w, https:\/\/jean-marcprevot.fr\/wp-content\/uploads\/2023\/11\/20230530_095228-1536x1120.jpg 1536w, https:\/\/jean-marcprevot.fr\/wp-content\/uploads\/2023\/11\/20230530_095228-2048x1494.jpg 2048w\" sizes=\"(max-width: 1024px) 100vw, 1024px\" \/><\/figure><\/div>\n\n\n<p><\/p>\n\n\n<div class=\"wp-block-image\">\n<figure class=\"aligncenter size-large is-resized\"><img loading=\"lazy\" src=\"https:\/\/jean-marcprevot.fr\/wp-content\/uploads\/2023\/11\/Caesar-1024x734.jpg\" alt=\"\" class=\"wp-image-507\" width=\"561\" height=\"402\" srcset=\"https:\/\/jean-marcprevot.fr\/wp-content\/uploads\/2023\/11\/Caesar-1024x734.jpg 1024w, https:\/\/jean-marcprevot.fr\/wp-content\/uploads\/2023\/11\/Caesar-300x215.jpg 300w, https:\/\/jean-marcprevot.fr\/wp-content\/uploads\/2023\/11\/Caesar-768x551.jpg 768w, https:\/\/jean-marcprevot.fr\/wp-content\/uploads\/2023\/11\/Caesar-1536x1101.jpg 1536w, https:\/\/jean-marcprevot.fr\/wp-content\/uploads\/2023\/11\/Caesar-2048x1468.jpg 2048w\" sizes=\"(max-width: 561px) 100vw, 561px\" \/><\/figure><\/div>\n\n\n<p><\/p>\n\n\n<div class=\"wp-block-image\">\n<figure class=\"aligncenter size-large is-resized\"><img loading=\"lazy\" src=\"https:\/\/jean-marcprevot.fr\/wp-content\/uploads\/2023\/11\/GCP-823x1024.jpg\" alt=\"\" class=\"wp-image-508\" width=\"380\" height=\"473\" srcset=\"https:\/\/jean-marcprevot.fr\/wp-content\/uploads\/2023\/11\/GCP-823x1024.jpg 823w, https:\/\/jean-marcprevot.fr\/wp-content\/uploads\/2023\/11\/GCP-241x300.jpg 241w, https:\/\/jean-marcprevot.fr\/wp-content\/uploads\/2023\/11\/GCP-768x956.jpg 768w, https:\/\/jean-marcprevot.fr\/wp-content\/uploads\/2023\/11\/GCP-1234x1536.jpg 1234w, https:\/\/jean-marcprevot.fr\/wp-content\/uploads\/2023\/11\/GCP-1645x2048.jpg 1645w\" sizes=\"(max-width: 380px) 100vw, 380px\" \/><\/figure><\/div>\n\n\n<p><\/p>\n\n\n<div class=\"wp-block-image\">\n<figure class=\"aligncenter size-large is-resized\"><img loading=\"lazy\" src=\"https:\/\/jean-marcprevot.fr\/wp-content\/uploads\/2023\/11\/croquis-05-811x1024.jpg\" alt=\"\" class=\"wp-image-517\" width=\"295\" height=\"373\" srcset=\"https:\/\/jean-marcprevot.fr\/wp-content\/uploads\/2023\/11\/croquis-05-811x1024.jpg 811w, https:\/\/jean-marcprevot.fr\/wp-content\/uploads\/2023\/11\/croquis-05-237x300.jpg 237w, https:\/\/jean-marcprevot.fr\/wp-content\/uploads\/2023\/11\/croquis-05-768x970.jpg 768w, https:\/\/jean-marcprevot.fr\/wp-content\/uploads\/2023\/11\/croquis-05-1216x1536.jpg 1216w, https:\/\/jean-marcprevot.fr\/wp-content\/uploads\/2023\/11\/croquis-05.jpg 1474w\" sizes=\"(max-width: 295px) 100vw, 295px\" \/><\/figure><\/div>\n\n\n<p><\/p>\n\n\n<div class=\"wp-block-image\">\n<figure class=\"aligncenter size-large is-resized\"><img loading=\"lazy\" src=\"https:\/\/jean-marcprevot.fr\/wp-content\/uploads\/2023\/11\/croquis-04-899x1024.jpg\" alt=\"\" class=\"wp-image-516\" width=\"293\" height=\"333\" srcset=\"https:\/\/jean-marcprevot.fr\/wp-content\/uploads\/2023\/11\/croquis-04-899x1024.jpg 899w, https:\/\/jean-marcprevot.fr\/wp-content\/uploads\/2023\/11\/croquis-04-263x300.jpg 263w, https:\/\/jean-marcprevot.fr\/wp-content\/uploads\/2023\/11\/croquis-04-768x875.jpg 768w, https:\/\/jean-marcprevot.fr\/wp-content\/uploads\/2023\/11\/croquis-04-1349x1536.jpg 1349w, https:\/\/jean-marcprevot.fr\/wp-content\/uploads\/2023\/11\/croquis-04.jpg 1512w\" sizes=\"(max-width: 293px) 100vw, 293px\" \/><\/figure><\/div>\n\n\n<p><\/p>\n\n\n<div class=\"wp-block-image\">\n<figure class=\"aligncenter size-large is-resized\"><img loading=\"lazy\" src=\"https:\/\/jean-marcprevot.fr\/wp-content\/uploads\/2023\/11\/croquis-08-810x1024.jpg\" alt=\"\" class=\"wp-image-586\" width=\"369\" height=\"467\" srcset=\"https:\/\/jean-marcprevot.fr\/wp-content\/uploads\/2023\/11\/croquis-08-810x1024.jpg 810w, https:\/\/jean-marcprevot.fr\/wp-content\/uploads\/2023\/11\/croquis-08-237x300.jpg 237w, https:\/\/jean-marcprevot.fr\/wp-content\/uploads\/2023\/11\/croquis-08-768x971.jpg 768w, https:\/\/jean-marcprevot.fr\/wp-content\/uploads\/2023\/11\/croquis-08-1215x1536.jpg 1215w, https:\/\/jean-marcprevot.fr\/wp-content\/uploads\/2023\/11\/croquis-08.jpg 1461w\" sizes=\"(max-width: 369px) 100vw, 369px\" \/><\/figure><\/div>\n\n\n<p><\/p>\n\n\n<div class=\"wp-block-image\">\n<figure class=\"aligncenter size-large is-resized\"><img loading=\"lazy\" src=\"https:\/\/jean-marcprevot.fr\/wp-content\/uploads\/2023\/11\/croquis-06-1024x585.jpg\" alt=\"\" class=\"wp-image-577\" width=\"581\" height=\"330\"\/><\/figure><\/div>\n\n\n<p><\/p>\n\n\n<div class=\"wp-block-image\">\n<figure class=\"aligncenter size-large is-resized\"><img loading=\"lazy\" src=\"https:\/\/jean-marcprevot.fr\/wp-content\/uploads\/2023\/11\/croquis-01-1024x462.jpg\" alt=\"\" class=\"wp-image-513\" width=\"576\" height=\"259\" srcset=\"https:\/\/jean-marcprevot.fr\/wp-content\/uploads\/2023\/11\/croquis-01-1024x462.jpg 1024w, https:\/\/jean-marcprevot.fr\/wp-content\/uploads\/2023\/11\/croquis-01-300x135.jpg 300w, https:\/\/jean-marcprevot.fr\/wp-content\/uploads\/2023\/11\/croquis-01-768x347.jpg 768w, https:\/\/jean-marcprevot.fr\/wp-content\/uploads\/2023\/11\/croquis-01-1536x693.jpg 1536w, https:\/\/jean-marcprevot.fr\/wp-content\/uploads\/2023\/11\/croquis-01.jpg 1739w\" sizes=\"(max-width: 576px) 100vw, 576px\" \/><\/figure><\/div>\n\n\n\n\n<figure class=\"wp-block-pullquote\"><blockquote><p><\/p><\/blockquote><\/figure>\n","protected":false},"excerpt":{"rendered":"<p>Exercice r\u00e9gimentaire \u00e0 Canjuers &#8211; 35\u00e8me R\u00e9giment d&#8217;Artillerie Parachutiste Tirs Caesar et mortiers de 120mm<\/p>\n","protected":false},"author":1,"featured_media":0,"parent":0,"menu_order":0,"comment_status":"closed","ping_status":"closed","template":"","meta":[],"_links":{"self":[{"href":"https:\/\/jean-marcprevot.fr\/index.php?rest_route=\/wp\/v2\/pages\/506"}],"collection":[{"href":"https:\/\/jean-marcprevot.fr\/index.php?rest_route=\/wp\/v2\/pages"}],"about":[{"href":"https:\/\/jean-marcprevot.fr\/index.php?rest_route=\/wp\/v2\/types\/page"}],"author":[{"embeddable":true,"href":"https:\/\/jean-marcprevot.fr\/index.php?rest_route=\/wp\/v2\/users\/1"}],"replies":[{"embeddable":true,"href":"https:\/\/jean-marcprevot.fr\/index.php?rest_route=%2Fwp%2Fv2%2Fcomments&post=506"}],"version-history":[{"count":31,"href":"https:\/\/jean-marcprevot.fr\/index.php?rest_route=\/wp\/v2\/pages\/506\/revisions"}],"predecessor-version":[{"id":634,"href":"https:\/\/jean-marcprevot.fr\/index.php?rest_route=\/wp\/v2\/pages\/506\/revisions\/634"}],"wp:attachment":[{"href":"https:\/\/jean-marcprevot.fr\/index.php?rest_route=%2Fwp%2Fv2%2Fmedia&parent=506"}],"curies":[{"name":"wp","href":"https:\/\/api.w.org\/{rel}","templated":true}]}}